 -1c - af9bbf?
-af9bdb
In base 12, what is 6150119 + -4?
6150115
In base 9, what is 51536554 - 3?
51536551
In base 5, what is -204 + 401104023?
401103314
In base 12, what is 3124b2 + 72?
312564
In base 7, what is -12620351 + 315?
-12620033
In base 9, what is -601 - -144176?
143475
In base 6, what is 4543002 - -2105?
4545111
In base 7, what is -3204366 - -26?
-3204340
In base 14, what is 2 - -1b6512?
1b6514
In base 12, what is 2 - -18b577b?
18b5781
In base 15, what is 50b31b - -6?
50b322
In base 2, what is -11110111000 - 1000001011000101?
-1000101001111101
In base 4, what is -223 - 31002202311?
-31002203200
In base 8, what is 0 - 27777676?
-27777676
In base 9, what is 76 + -233542?
-233455
In base 9, what is -4 - 68534358?
-68534363
In base 7, what is -3251121 + -400?
-3251521
In base 15, what is 1 - 154226e?
-154226d
In base 8, what is 4 - 715537530?
-715537524
In base 5, what is -3 - 241124000?
-241124003
In base 15, what is -d + -9c620?
-9c62d
In base 9, what is 13 - 30703067?
-30703054
In base 14, what is 4468 + 22bd?
6747
In base 7, what is -131342401 - -15?
-131342353
In base 15, what is 0 + a224d5?
a224d5
In base 5, what is 144 - 233324143?
-233323444
In base 13, what is 3 + a62364?
a62367
In base 14, what is 4 + 50dac3b?
50dac41
In base 9, what is 207203 + 28?
207232
In base 9, what is -638666 - -767?
-637788
In base 7, what is 320 - -41022?
41342
In base 13, what is -1 - -35668b?
35668a
In base 6, what is 55115520 - -24?
55115544
In base 4, what is 131321301301 + -1?
131321301300
In base 5, what is -30 - 1012203442?
-1012204022
In base 15, what is -1 + -12758b5e?
-12758b60
In base 4, what is 12 - -3023222030?
3023222102
In base 8, what is -105 - 1445070?
-1445175
In base 8, what is 50354777 - 1?
50354776
In base 5, what is -31412120 + 1?
-31412114
In base 7, what is -302 + -50261?
-50563
In base 9, what is 2013712525 - 4?
2013712521
In base 3, what is -1100212102 + -110020000?
-1211002102
In base 7, what is 251360631 - 16?
251360612
In base 6, what is -1235202 - 55?
-1235301
In base 5, what is -13 + 1210002130?
1210002112
In base 10, what is 3 - -201299?
201302
In base 9, what is -3573152 - 4?
-3573156
In base 10, what is -5565033 - 1?
-5565034
In base 13, what is 3 + 22aa59?
22aa5c
In base 5, what is 213411140 + -1441?
213404144
In base 12, what is -6 + -a0407?
-a0411
In base 11, what is 115a7 - 31?
11576
In base 9, what is -15500 + 48324?
32724
In base 11, what is -2 + 3544686a?
35446868
In base 16, what is 1fb9d + -119?
1fa84
In base 12, what is -151 + 2b2848?
2b26b7
In base 7, what is -3 + 341335602?
341335566
In base 7, what is 21000362 - -4?
21000366
In base 12, what is 83 + -691496?
-691413
In base 12, what is 1 + 2a61630?
2a61631
In base 13, what is 1 + -106669b0?
-106669ac
In base 8, what is 332614726 - 0?
332614726
In base 12, what is -213ba320 - -3?
-213ba319
In base 9, what is 1001358 + 31?
1001400
In base 7, what is 16513 - -4166?
24012
In base 11, what is 1131 - -31a971?
320aa2
In base 10, what is -4353167 + -36?
-4353203
In base 5, what is 2211 - 400430?
-343214
In base 5, what is -12410421103 + -1?
-12410421104
In base 8, what is 6046531 + 1?
6046532
In base 2, what is 11100101100001101110010101 - 100?
11100101100001101110010001
In base 12, what is 109355 - -18?
109371
In base 14, what is 3550301 - 3?
35502dc
In base 15, what is 5a84 + -3252?
2832
In base 7, what is 116633 + 1265?
121231
In base 10, what is -12 - -399647?
399635
In base 10, what is -359 - 137305?
-137664
In base 8, what is -3351 + 234?
-3115
In base 9, what is 51740 - 2300?
48440
In base 10, what is 2 - 1926047?
-1926045
In base 6, what is 3 - -4425430?
4425433
In base 11, what is 9a916 + -1950?
98a76
In base 12, what is 1b0b221 + 6?
1b0b227
In base 14, what is 5 + 27175c6?
27175cb
In base 3, what is 10111012 + -1000212020?
-220101001
In base 14, what is -453 + 1b77d?
1b32a
In base 4, what is -30012010 + 10310?
-30001100
In base 10, what is -35869796 + -2?
-35869798
In base 3, what is -11101111122010221 + 0?
-11101111122010221
In base 16, what is 163212 + b?
16321d
In base 2, what is 10100111111000110001 + -11101011?
10100111110101000110
In base 7, what is -466450 - 2301?
-502051
In base 4, what is 233201121200 - 10?
233201121130
In base 9, what is 767765 - 375?
767380
In base 12, what is -3 - 3a8a279?
-3a8a280
In base 15, what is d + -552e66?
-552e58
In base 8, what is -3462503 + 7?
-3462474
In base 9, what is 81277 - -52?
81340
In base 8, what is 2371412 + -335?
2371055
In base 5, what is -3202 + -1424?
-10131
In base 4, what is -20222111 + -3232132?
-30120303
In base 14, what is 77 - 1096a7?
-109630
In base 4, what is 1103203033 + 120?
1103203213
In base 15, what is 4 + -3e47ce?
-3e47ca
In base 12, what is 19784 - 5253?
14531
In base 11, what is 4 + -62a2434a?
-62a24346
In base 14, what is 29 + 9306d1?
93071a
In base 14, what is 6931d8 + -53?
693185
In base 11, what is -1386 + 3541?
2166
In base 6, what is -50231 + 1135?
-45052
In base 5, what is 10123 - -1314423?
1330101
In base 14, what is 4c3 - -3a43?
4126
In base 7, what is 6 - 325561?
-325552
In base 3, what is -12112022201110010222 - -2?
-12112022201110010220
In base 3, what is 1120220 + 10001121?
11122111
In base 12, what is -846210 + 5?
-846207
In base 7, what is -260055 + -22112?
-312200
In base 11, what is 1701398 - -5?
17013a2
In base 11, what is -5044a - 2a98?
-53437
In base 8, what is 60 + 10067032?
10067112
In base 16, what is -2614 - 79d7?
-9feb
In base 15, what is -40b5 - 1237?
-52ec
In base 7, what is -21 - -3240215?
3240164
In base 2, what is 101 - 11001010111101010110110000?
-11001010111101010110101011
In base 2, what is -1111100000100001 + 1001101000100?
-1110010011011101
In base 3, what is -102122220 - -221102?
-101201111
In base 7, what is -53 - -146053?
146000
In base 5, what is 134 + 43110111?
43110300
In base 16, what is df6a1 + -17?
df68a
In base 2, what is 10000111 + -11011101000000?
-11011010111001
In base 6, what is -230 + 103424443?
103424213
In base 9, what is -645210435 - -3?
-645210432
In base 15, what is -237 + -bdd4?
-c11b
In base 4, what is -30320 + -10122112?
-10213032
In base 4, what is 2013222 + -102000?
1311222
In base 11, what is -5 + 2057542?
2057538
In base 15, what is d888b9a - 5?
d888b95
In base 4, what is -2030222122 + 3?
-2030222113
In base 9, what is 5 + 1706861?
1706866
In base 15, what is -2a2ae5d + -3?
-2a2ae61
In base 7, what is 26316025 + 135?
26316163
In base 9, what is 4 - 47245602?
-47245587
In base 11, what is 4a751 + -2519?
48233
In base 3, what is 12 + 1101102021?
1101102110
In base 11, what is -212962 - 1a5?
-213057
In base 11, what is 0 + 1394462?
1394462
In base 16, what is 0 + -12ff326?
-12ff326
In base 4, what is 10020 + -2333102222?
-2333032202
In base 10, what is -3323672 - 3?
-3323675
In base 16, what is 2 + 165c46?
165c48
In base 9, what is 2 + 745567?
745570
In base 11, what is 4 - -79389875?
79389879
In base 2, what is -110111011010011101111110 + -10?
-110111011010011110000000
In base 15, what is 2 + cd0cb?
cd0cd
In base 14, what is -102 + 430?
32c
In base 11, what is 1639158 - 2?
1639156
In base 2, what is 100101100 - 11011100110?
-10110111010
In base 10, what is 501 - 147125?
-146624
In base 16, what is 14d8da - 5?
14d8d5
In base 3, what is -12000200 - -22110121?
10102221
In base 15, what is 53e32 + -11?
53e21
In base 5, what is 234002 - -1241013?
2030020
In base 4, what is -3 - 233011212312?
-233011212321
In base 16, what is 223a4c - 0?
223a4c
In base 15, what is 44 + d84565?
d845a9
In base 14, what is 5 + -169a86d?
-169a868
In base 9, what is -31 + -141588?
-141630
In base 9, what is 305484051 + 3?
305484054
In base 12, what is 485 - -63346?
6380b
In base 5, what is 22224 + -410101?
-332322
In base 10, what is 0 + -50021789?
-50021789
In base 3, what is -11 - -100202212021111?
100202212021100
In base 2, what is 0 - 101111010001011011010100101?
-101111010001011011010100101
In base 7, what is 254 - -2065556?
2066143
In base 4, what is -310012 + 113022?
-130330
In base 13, what is -2933c4a7 + 2?
-2933c4a5
In base 10, what is 8096 - 938?
7158
In base 7, what is -6 + -451033262?
-451033301
In base 10, what is 55 + 47334?
47389
In base 13, what is -1bba1c0 + -13?
-1bba203
In base 10, what is 361 - -690356?
690717
In base 9, what